{"id":811,"date":"2025-07-30T18:37:22","date_gmt":"2025-07-30T18:37:22","guid":{"rendered":"https:\/\/www.isaaltus.com\/altus\/?page_id=811"},"modified":"2025-07-30T19:47:36","modified_gmt":"2025-07-30T19:47:36","slug":"renta-de-maquinaria-ferroviaria","status":"publish","type":"page","link":"https:\/\/www.isaaltus.com\/altus\/renta-de-maquinaria-ferroviaria\/","title":{"rendered":"Renta de Maquinaria Ferroviaria"},"content":{"rendered":"\t\t<div data-elementor-type=\"wp-page\" data-elementor-id=\"811\" class=\"elementor elementor-811\">\n\t\t\t\t\t\t\t\t\t<section class=\"elementor-section elementor-top-section elementor-element elementor-element-0e79a75 elementor-section-boxed elementor-section-height-default elementor-section-height-default\" data-id=\"0e79a75\" data-element_type=\"section\">\n\t\t\t\t\t\t<div class=\"elementor-container elementor-column-gap-default\">\n\t\t\t\t\t<div class=\"elementor-column elementor-col-50 elementor-top-column elementor-element elementor-element-1d827d4\" data-id=\"1d827d4\" data-element_type=\"column\">\n\t\t\t<div class=\"elementor-widget-wrap elementor-element-populated\">\n\t\t\t\t\t\t\t\t<div class=\"elementor-element elementor-element-d7ef36c elementor-widget elementor-widget-image\" data-id=\"d7ef36c\" data-element_type=\"widget\" data-widget_type=\"image.default\">\n\t\t\t\t<div class=\"elementor-widget-container\">\n\t\t\t\t\t\t\t\t\t\t\t\t\t\t\t<img loading=\"lazy\" decoding=\"async\" width=\"800\" height=\"391\" src=\"https:\/\/www.isaaltus.com\/altus\/wp-content\/uploads\/2025\/07\/maquinas_ferroviarias_altus.png\" class=\"attachment-large size-large wp-image-820\" alt=\"\" srcset=\"https:\/\/www.isaaltus.com\/altus\/wp-content\/uploads\/2025\/07\/maquinas_ferroviarias_altus.png 950w, https:\/\/www.isaaltus.com\/altus\/wp-content\/uploads\/2025\/07\/maquinas_ferroviarias_altus-300x147.png 300w, https:\/\/www.isaaltus.com\/altus\/wp-content\/uploads\/2025\/07\/maquinas_ferroviarias_altus-768x375.png 768w, https:\/\/www.isaaltus.com\/altus\/wp-content\/uploads\/2025\/07\/maquinas_ferroviarias_altus-600x293.png 600w\" sizes=\"auto, (max-width: 800px) 100vw, 800px\" title=\"\">\t\t\t\t\t\t\t\t\t\t\t\t\t\t\t<\/div>\n\t\t\t\t<\/div>\n\t\t\t\t\t<\/div>\n\t\t<\/div>\n\t\t\t\t<div class=\"elementor-column elementor-col-50 elementor-top-column elementor-element elementor-element-88806f2\" data-id=\"88806f2\" data-element_type=\"column\">\n\t\t\t<div class=\"elementor-widget-wrap elementor-element-populated\">\n\t\t\t\t\t\t\t\t<div class=\"elementor-element elementor-element-f00219a elementor-widget elementor-widget-text-editor\" data-id=\"f00219a\" data-element_type=\"widget\" data-widget_type=\"text-editor.default\">\n\t\t\t\t<div class=\"elementor-widget-container\">\n\t\t\t\t\t\t\t<h3>Renta de Maquinaria Ferroviaria<\/h3>\n<p style=\"text-align: justify;\">Ofrecemos un servicio integral de renta de maquinaria ferroviaria para apoyar sus proyectos de construcci\u00f3n, mantenimiento y electrificaci\u00f3n de v\u00edas. Contar con la maquinaria adecuada es crucial para la eficiencia, seguridad y calidad de las operaciones ferroviarias.<\/p>\n<ul style=\"text-align: justify;\">\n \t<li>Bateadora: M\u00e1quina especializada en el bateo (compactaci\u00f3n) del balasto bajo las traviesas, fundamental para nivelar y alinear la v\u00eda y garantizar su estabilidad.<\/li>\n \t<li>Multicalzadora: Equipo vers\u00e1til que permite realizar funciones de calzado, nivelaci\u00f3n y alineaci\u00f3n de la v\u00eda, optimizando el rendimiento y la precisi\u00f3n en el mantenimiento.<\/li>\n \t<li>Soldadura el\u00e9ctrica: Equipos de soldadura espec\u00edficos para rieles que ofrecen una alternativa o complemento a la soldadura aluminot\u00e9rmica, ideal para reparaciones r\u00e1pidas o uniones en ciertas condiciones.<\/li>\n \t<li>Tolvas de balasto: Vagones especializados para el transporte y descarga controlada de balasto en la v\u00eda, agilizando los trabajos de renovaci\u00f3n y mantenimiento.<\/li>\n \t<li>Perfiladora: Maquinaria dise\u00f1ada para perfilar y rectificar la cabeza del riel, eliminando defectos y restaurando el perfil \u00f3ptimo para prolongar la vida \u00fatil del riel y mejorar la interacci\u00f3n rueda-riel.<\/li>\n \t<li>Dresinas para montaje de catenaria: Veh\u00edculos ferroviarios autopropulsados, equipados con plataformas y herramientas espec\u00edficas para facilitar la instalaci\u00f3n y mantenimiento de los componentes de la catenaria en altura.<\/li>\n \t<li>Tren de tendido de catenaria: Conjunto de equipos especializados para el tendido eficiente y seguro de los cables de la catenaria (hilo de contacto y sustentador) a lo largo de la v\u00eda.<\/li>\n<\/ul>\t\t\t\t\t\t<\/div>\n\t\t\t\t<\/div>\n\t\t\t\t\t<\/div>\n\t\t<\/div>\n\t\t\t\t\t\t\t<\/div>\n\t\t<\/section>\n\t\t\t\t\t\t\t<\/div>\n\t\t","protected":false},"excerpt":{"rendered":"<p>Renta de Maquinaria Ferroviaria Ofrecemos un servicio integral de renta de maquinaria ferroviaria para apoyar sus proyectos de construcci\u00f3n, mantenimiento y electrificaci\u00f3n de v\u00edas. Contar con la maquinaria adecuada es &#8230;<\/p>\n","protected":false},"author":1,"featured_media":0,"parent":0,"menu_order":0,"comment_status":"closed","ping_status":"closed","template":"","meta":{"footnotes":""},"class_list":["post-811","page","type-page","status-publish","hentry"],"_links":{"self":[{"href":"https:\/\/www.isaaltus.com\/altus\/wp-json\/wp\/v2\/pages\/811","targetHints":{"allow":["GET"]}}],"collection":[{"href":"https:\/\/www.isaaltus.com\/altus\/wp-json\/wp\/v2\/pages"}],"about":[{"href":"https:\/\/www.isaaltus.com\/altus\/wp-json\/wp\/v2\/types\/page"}],"author":[{"embeddable":true,"href":"https:\/\/www.isaaltus.com\/altus\/wp-json\/wp\/v2\/users\/1"}],"replies":[{"embeddable":true,"href":"https:\/\/www.isaaltus.com\/altus\/wp-json\/wp\/v2\/comments?post=811"}],"version-history":[{"count":10,"href":"https:\/\/www.isaaltus.com\/altus\/wp-json\/wp\/v2\/pages\/811\/revisions"}],"predecessor-version":[{"id":862,"href":"https:\/\/www.isaaltus.com\/altus\/wp-json\/wp\/v2\/pages\/811\/revisions\/862"}],"wp:attachment":[{"href":"https:\/\/www.isaaltus.com\/altus\/wp-json\/wp\/v2\/media?parent=811"}],"curies":[{"name":"wp","href":"https:\/\/api.w.org\/{rel}","templated":true}]}}