{"id":753,"date":"2025-07-30T17:20:10","date_gmt":"2025-07-30T17:20:10","guid":{"rendered":"https:\/\/www.isaaltus.com\/altus\/?page_id=753"},"modified":"2025-07-30T19:51:40","modified_gmt":"2025-07-30T19:51:40","slug":"riel-re-arema","status":"publish","type":"page","link":"https:\/\/www.isaaltus.com\/altus\/riel-re-arema\/","title":{"rendered":"Riel RE AREMA"},"content":{"rendered":"\t\t<div data-elementor-type=\"wp-page\" data-elementor-id=\"753\" class=\"elementor elementor-753\">\n\t\t\t\t\t\t\t\t\t<section class=\"elementor-section elementor-top-section elementor-element elementor-element-4c7b62e elementor-section-boxed elementor-section-height-default elementor-section-height-default\" data-id=\"4c7b62e\" data-element_type=\"section\">\n\t\t\t\t\t\t<div class=\"elementor-container elementor-column-gap-default\">\n\t\t\t\t\t<div class=\"elementor-column elementor-col-50 elementor-top-column elementor-element elementor-element-5b8ebd4\" data-id=\"5b8ebd4\" data-element_type=\"column\">\n\t\t\t<div class=\"elementor-widget-wrap elementor-element-populated\">\n\t\t\t\t\t\t\t\t<div class=\"elementor-element elementor-element-972692e elementor-widget elementor-widget-image\" data-id=\"972692e\" data-element_type=\"widget\" data-widget_type=\"image.default\">\n\t\t\t\t<div class=\"elementor-widget-container\">\n\t\t\t\t\t\t\t\t\t\t\t\t\t\t\t<img loading=\"lazy\" decoding=\"async\" width=\"800\" height=\"391\" src=\"https:\/\/www.isaaltus.com\/altus\/wp-content\/uploads\/2025\/06\/riel-ferroviario.png\" class=\"attachment-large size-large wp-image-722\" alt=\"\" srcset=\"https:\/\/www.isaaltus.com\/altus\/wp-content\/uploads\/2025\/06\/riel-ferroviario.png 950w, https:\/\/www.isaaltus.com\/altus\/wp-content\/uploads\/2025\/06\/riel-ferroviario-300x147.png 300w, https:\/\/www.isaaltus.com\/altus\/wp-content\/uploads\/2025\/06\/riel-ferroviario-768x375.png 768w, https:\/\/www.isaaltus.com\/altus\/wp-content\/uploads\/2025\/06\/riel-ferroviario-600x293.png 600w\" sizes=\"auto, (max-width: 800px) 100vw, 800px\" title=\"\">\t\t\t\t\t\t\t\t\t\t\t\t\t\t\t<\/div>\n\t\t\t\t<\/div>\n\t\t\t\t\t<\/div>\n\t\t<\/div>\n\t\t\t\t<div class=\"elementor-column elementor-col-50 elementor-top-column elementor-element elementor-element-12eabee\" data-id=\"12eabee\" data-element_type=\"column\">\n\t\t\t<div class=\"elementor-widget-wrap elementor-element-populated\">\n\t\t\t\t\t\t\t\t<div class=\"elementor-element elementor-element-4d4797e elementor-widget elementor-widget-text-editor\" data-id=\"4d4797e\" data-element_type=\"widget\" data-widget_type=\"text-editor.default\">\n\t\t\t\t<div class=\"elementor-widget-container\">\n\t\t\t\t\t\t\t<h3>Riel RE AREMA<\/h3>\n<p style=\"text-align: justify;\">El Riel RE AREMA se refiere a los rieles fabricados bajo las especificaciones de la American Railway Engineering and Maintenance-of-Way Association (AREMA), un est\u00e1ndar reconocido en Norteam\u00e9rica y otras regiones para la construcci\u00f3n y mantenimiento de v\u00edas f\u00e9rreas. Estos rieles son la columna vertebral de la infraestructura ferroviaria, dise\u00f1ados para soportar el peso y las cargas del tr\u00e1fico de trenes.<\/p>\n<ul style=\"text-align: justify;\">\n \t<li>Peso de 100 a 136 lb\/yd: Esta especificaci\u00f3n indica el peso del riel por yarda lineal, un factor crucial que influye en la capacidad de carga y la durabilidad de la v\u00eda.<\/li>\n \t<li>Los rieles se fabrican en longitudes est\u00e1ndar para facilitar su transporte y manejo. Las longitudes de 40 y 80 pies son comunes, permitiendo adaptabilidad en proyectos de diferentes escalas.<\/li>\n \t<li>Dureza est\u00e1ndar, intermedia o alta: La dureza del riel es una propiedad clave que afecta su resistencia al desgaste y la fatiga.\n<ul>\n<li>Dureza est\u00e1ndar: Adecuada para la mayor\u00eda de las aplicaciones de tr\u00e1fico general.<\/li> \n<li>Dureza intermedia: Ofrece una mayor resistencia al desgaste, ideal para tramos con mayor tr\u00e1fico o curvas pronunciadas.<\/li> \n<li>Dureza alta: Proporciona la m\u00e1xima resistencia al desgaste, utilizada en zonas de alto estr\u00e9s como curvas cerradas, desv\u00edos o v\u00edas con tr\u00e1fico extremadamente pesado, prolongando significativamente la vida \u00fatil del riel.<\/li> <\/ul>\n\n<\/li>\n<\/ul>\t\t\t\t\t\t<\/div>\n\t\t\t\t<\/div>\n\t\t\t\t\t<\/div>\n\t\t<\/div>\n\t\t\t\t\t\t\t<\/div>\n\t\t<\/section>\n\t\t\t\t\t\t\t<\/div>\n\t\t","protected":false},"excerpt":{"rendered":"<p>Riel RE AREMA El Riel RE AREMA se refiere a los rieles fabricados bajo las especificaciones de la American Railway Engineering and Maintenance-of-Way Association (AREMA), un est\u00e1ndar reconocido en Norteam\u00e9rica &#8230;<\/p>\n","protected":false},"author":1,"featured_media":0,"parent":0,"menu_order":0,"comment_status":"closed","ping_status":"closed","template":"","meta":{"footnotes":""},"class_list":["post-753","page","type-page","status-publish","hentry"],"_links":{"self":[{"href":"https:\/\/www.isaaltus.com\/altus\/wp-json\/wp\/v2\/pages\/753","targetHints":{"allow":["GET"]}}],"collection":[{"href":"https:\/\/www.isaaltus.com\/altus\/wp-json\/wp\/v2\/pages"}],"about":[{"href":"https:\/\/www.isaaltus.com\/altus\/wp-json\/wp\/v2\/types\/page"}],"author":[{"embeddable":true,"href":"https:\/\/www.isaaltus.com\/altus\/wp-json\/wp\/v2\/users\/1"}],"replies":[{"embeddable":true,"href":"https:\/\/www.isaaltus.com\/altus\/wp-json\/wp\/v2\/comments?post=753"}],"version-history":[{"count":8,"href":"https:\/\/www.isaaltus.com\/altus\/wp-json\/wp\/v2\/pages\/753\/revisions"}],"predecessor-version":[{"id":865,"href":"https:\/\/www.isaaltus.com\/altus\/wp-json\/wp\/v2\/pages\/753\/revisions\/865"}],"wp:attachment":[{"href":"https:\/\/www.isaaltus.com\/altus\/wp-json\/wp\/v2\/media?parent=753"}],"curies":[{"name":"wp","href":"https:\/\/api.w.org\/{rel}","templated":true}]}}